{"id":16080,"date":"2022-02-27T19:27:56","date_gmt":"2022-02-27T18:27:56","guid":{"rendered":"http:\/\/themis-conseils.fr.visiopub.eu\/?page_id=16080"},"modified":"2022-11-27T19:03:02","modified_gmt":"2022-11-27T18:03:02","slug":"droit-fiscal","status":"publish","type":"page","link":"https:\/\/themis-conseils.com\/index.php\/droit-fiscal\/","title":{"rendered":"Droit Fiscal"},"content":{"rendered":"<p>[vc_row css_animation=\u00a0\u00bb\u00a0\u00bb row_type=\u00a0\u00bbrow\u00a0\u00bb use_row_as_full_screen_section=\u00a0\u00bbno\u00a0\u00bb type=\u00a0\u00bbfull_width\u00a0\u00bb angled_section=\u00a0\u00bbno\u00a0\u00bb text_align=\u00a0\u00bbleft\u00a0\u00bb background_image_as_pattern=\u00a0\u00bbwithout_pattern\u00a0\u00bb][vc_column width=\u00a0\u00bb2\/3&Prime;][vc_column_text]<\/p>\n<h4>Fiscalit\u00e9 des particuliers<\/h4>\n<p>[\/vc_column_text][vc_empty_space height=\u00a0\u00bb30px\u00a0\u00bb][vc_column_text]<\/p>\n<ul>\n<li>Conseil et accompagnement lors des d\u00e9clarations fiscales annuelles : Imp\u00f4t sur le revenu, imp\u00f4t sur la fortune immobili\u00e8re, etc.<\/li>\n<li>Optimisations fiscales du patrimoine, transmissions, donations, successions, pacte Dutreil ;<\/li>\n<li>R\u00e9gularisation des avoirs d\u00e9tenus \u00e0 l\u2019\u00e9tranger ;<\/li>\n<li>Gestion du contentieux fiscal : Assistance lors des proc\u00e9dures de v\u00e9rification, n\u00e9gociation avec l\u2019administration fiscale, r\u00e9daction de r\u00e9clamations contentieuses et de m\u00e9moires devant les juridictions administratives et civiles.<\/li>\n<\/ul>\n<p>[\/vc_column_text][vc_empty_space height=\u00a0\u00bb30px\u00a0\u00bb][vc_column_text]<\/p>\n<h4>Fiscalit\u00e9 des soci\u00e9t\u00e9s<\/h4>\n<p>[\/vc_column_text][vc_empty_space height=\u00a0\u00bb30px\u00a0\u00bb][vc_column_text]<\/p>\n<ul>\n<li>Audit fiscal : audit de cession ou d&rsquo;acquisition de soci\u00e9t\u00e9 ;<\/li>\n<li>Fiscalit\u00e9 des op\u00e9rations de restructuration (changement de forme juridique, fusion, apport partie d\u2019actif, filialisation, cession, prise de participation) ;<\/li>\n<li>Fiscalit\u00e9 des groupes de soci\u00e9t\u00e9s (int\u00e9gration fiscale, r\u00e9gime m\u00e8re\/fille) ;<\/li>\n<li>Optimisation la gestion de la fiscalit\u00e9 personnelle du dirigeant ;<\/li>\n<\/ul>\n<p>Gestion du contentieux fiscal : Assistance lors des proc\u00e9dures de v\u00e9rification, n\u00e9gociation avec l\u2019administration fiscale, r\u00e9daction de r\u00e9clamations contentieuses et de m\u00e9moires devant les juridictions administratives et civiles.[\/vc_column_text][\/vc_column][vc_column width=\u00a0\u00bb1\/3&Prime;][vc_single_image image=\u00a0\u00bb16081&Prime; img_size=\u00a0\u00bblarge\u00a0\u00bb qode_css_animation=\u00a0\u00bb\u00a0\u00bb][\/vc_column][\/vc_row][vc_row css_animation=\u00a0\u00bb\u00a0\u00bb row_type=\u00a0\u00bbrow\u00a0\u00bb use_row_as_full_screen_section=\u00a0\u00bbno\u00a0\u00bb type=\u00a0\u00bbfull_width\u00a0\u00bb angled_section=\u00a0\u00bbno\u00a0\u00bb text_align=\u00a0\u00bbleft\u00a0\u00bb background_image_as_pattern=\u00a0\u00bbwithout_pattern\u00a0\u00bb][vc_column][vc_empty_space][\/vc_column][\/vc_row][vc_row css_animation=\u00a0\u00bb\u00a0\u00bb row_type=\u00a0\u00bbrow\u00a0\u00bb use_row_as_full_screen_section=\u00a0\u00bbno\u00a0\u00bb type=\u00a0\u00bbfull_width\u00a0\u00bb angled_section=\u00a0\u00bbno\u00a0\u00bb text_align=\u00a0\u00bbleft\u00a0\u00bb background_image_as_pattern=\u00a0\u00bbwithout_pattern\u00a0\u00bb][vc_column][vc_column_text]<\/p>\n<p>[\/vc_column_text][\/vc_column][\/vc_row]<\/p>\n","protected":false},"excerpt":{"rendered":"<p>[vc_row css_animation=\u00a0\u00bb\u00a0\u00bb row_type=\u00a0\u00bbrow\u00a0\u00bb use_row_as_full_screen_section=\u00a0\u00bbno\u00a0\u00bb type=\u00a0\u00bbfull_width\u00a0\u00bb angled_section=\u00a0\u00bbno\u00a0\u00bb text_align=\u00a0\u00bbleft\u00a0\u00bb background_image_as_pattern=\u00a0\u00bbwithout_pattern\u00a0\u00bb][vc_column width=\u00a0\u00bb2\/3&Prime;][vc_column_text] Fiscalit\u00e9 des particuliers [\/vc_column_text][vc_empty_space height=\u00a0\u00bb30px\u00a0\u00bb][vc_column_text] Conseil et accompagnement lors des d\u00e9clarations fiscales annuelles : Imp\u00f4t sur le revenu, imp\u00f4t sur la fortune immobili\u00e8re, etc. Optimisations fiscales du patrimoine, transmissions, donations, successions, pacte Dutreil ; R\u00e9gularisation des&#8230;<\/p>\n","protected":false},"author":1,"featured_media":0,"parent":0,"menu_order":0,"comment_status":"closed","ping_status":"closed","template":"","meta":[],"_links":{"self":[{"href":"https:\/\/themis-conseils.com\/index.php\/wp-json\/wp\/v2\/pages\/16080"}],"collection":[{"href":"https:\/\/themis-conseils.com\/index.php\/wp-json\/wp\/v2\/pages"}],"about":[{"href":"https:\/\/themis-conseils.com\/index.php\/wp-json\/wp\/v2\/types\/page"}],"author":[{"embeddable":true,"href":"https:\/\/themis-conseils.com\/index.php\/wp-json\/wp\/v2\/users\/1"}],"replies":[{"embeddable":true,"href":"https:\/\/themis-conseils.com\/index.php\/wp-json\/wp\/v2\/comments?post=16080"}],"version-history":[{"count":13,"href":"https:\/\/themis-conseils.com\/index.php\/wp-json\/wp\/v2\/pages\/16080\/revisions"}],"predecessor-version":[{"id":16199,"href":"https:\/\/themis-conseils.com\/index.php\/wp-json\/wp\/v2\/pages\/16080\/revisions\/16199"}],"wp:attachment":[{"href":"https:\/\/themis-conseils.com\/index.php\/wp-json\/wp\/v2\/media?parent=16080"}],"curies":[{"name":"wp","href":"https:\/\/api.w.org\/{rel}","templated":true}]}}